7
List the prime factors of 13863.
3, 4621
List the prime factors of 807.
3, 269
What are the prime factors of 1233?
3, 137
List the prime factors of 949.
13, 73
List the prime factors of 38733.
3, 12911
List the prime factors of 16874.
2, 11, 13, 59
What are the prime factors of 78756?
2, 3, 6563
List the prime factors of 1660.
2, 5, 83
List the prime factors of 18830.
2, 5, 7, 269
What are the prime factors of 1020?
2, 3, 5, 17
What are the prime factors of 7375?
5, 59
What are the prime factors of 4548?
2, 3, 379
List the prime factors of 384.
2, 3
What are the prime factors of 4671?
3, 173
What are the prime factors of 3615?
3, 5, 241
List the prime factors of 104.
2, 13
List the prime factors of 1305.
3, 5, 29
List the prime factors of 3948.
2, 3, 7, 47
List the prime factors of 22755.
3, 5, 37, 41
What are the prime factors of 1022?
2, 7, 73
List the prime factors of 5157.
3, 191
What are the prime factors of 65519?
65519
List the prime factors of 17.
17
What are the prime factors of 775?
5, 31
List the prime factors of 21558.
2, 3, 3593
What are the prime factors of 548?
2, 137
List the prime factors of 9548.
2, 7, 11, 31
What are the prime factors of 6997?
6997
List the prime factors of 592.
2, 37
What are the prime factors of 36659?
7, 5237
What are the prime factors of 58044?
2, 3, 7, 691
What are the prime factors of 6490?
2, 5, 11, 59
List the prime factors of 763.
7, 109
List the prime factors of 97867.
7, 11, 31, 41
What are the prime factors of 52759?
7, 7537
List the prime factors of 5584.
2, 349
List the prime factors of 15203.
23, 661
What are the prime factors of 1236?
2, 3, 103
What are the prime factors of 1242?
2, 3, 23
List the prime factors of 11377.
31, 367
What are the prime factors of 581?
7, 83
What are the prime factors of 8720?
2, 5, 109
What are the prime factors of 1247?
29, 43
List the prime factors of 42830.
2, 5, 4283
List the prime factors of 21925.
5, 877
List the prime factors of 9885.
3, 5, 659
What are the prime factors of 15562?
2, 31, 251
What are the prime factors of 1846?
2, 13, 71
What are the prime factors of 174159?
3, 37, 523
List the prime factors of 4289.
4289
List the prime factors of 1437.
3, 479
List the prime factors of 35657.
181, 197
List the prime factors of 2578.
2, 1289
What are the prime factors of 65413?
65413
What are the prime factors of 7844?
2, 37, 53
List the prime factors of 18.
2, 3
What are the prime factors of 772?
2, 193
What are the prime factors of 6181?
7, 883
List the prime factors of 28.
2, 7
What are the prime factors of 95?
5, 19
List the prime factors of 2931.
3, 977
List the prime factors of 770.
2, 5, 7, 11
List the prime factors of 54.
2, 3
What are the prime factors of 45556?
2, 7, 1627
List the prime factors of 21521.
21521
What are the prime factors of 27399?
3, 9133
List the prime factors of 1389.
3, 463
List the prime factors of 12019.
7, 17, 101
What are the prime factors of 7419?
3, 2473
List the prime factors of 646.
2, 17, 19
What are the prime factors of 11830?
2, 5, 7, 13
What are the prime factors of 800?
2, 5
List the prime factors of 14187.
3, 4729
What are the prime factors of 1965?
3, 5, 131
List the prime factors of 137.
137
What are the prime factors of 724?
2, 181
List the prime factors of 48.
2, 3
What are the prime factors of 18249?
3, 7, 11, 79
What are the prime factors of 100?
2, 5
What are the prime factors of 1168?
2, 73
What are the prime factors of 822?
2, 3, 137
List the prime factors of 33269.
17, 19, 103
List the prime factors of 67248.
2, 3, 467
What are the prime factors of 491?
491
What are the prime factors of 9936?
2, 3, 23
What are the prime factors of 14286?
2, 3, 2381
What are the prime factors of 21098?
2, 7, 11, 137
What are the prime factors of 78379?
7, 11197
What are the prime factors of 1854?
2, 3, 103
What are the prime factors of 57166?
2, 101, 283
List the prime factors of 9228.
2, 3, 769
What are the prime factors of 210?
2, 3, 5, 7
What are the prime factors of 7683?
3, 13, 197
What are the prime factors of 12256?
2, 383
What are the prime factors of 17078?
2, 8539
What are the prime factors of 5367?
3, 1789
What are the prime factors of 21177?
3, 13, 181
List the prime factors of 2871.
3, 11, 29
What are the prime factors of 386?
2, 193
List the prime factors of 1148.
2, 7, 41
List the prime factors of 4664.
2, 11, 53
List the prime factors of 26702.
2, 13, 79
List the prime factors of 2286.
2, 3, 127
List the prime factors of 25351.
101, 251
List the prime factors of 42813.
3, 67, 71
List the prime factors of 1206.
2, 3, 67
What are the prime factors of 3777?
3, 1259
List the prime factors of 6431.
59, 109
What are the prime factors of 4292?
2, 29, 37
List the prime factors of 1249.
1249
List the prime factors of 2238.
2, 3, 373
What are the prime factors of 69218?
2, 53, 653
List the prime factors of 47034.
2, 3, 13, 67
What are the prime factors of 18826?
2, 9413
List the prime factors of 24417.
3, 2713
List the prime factors of 2388.
2, 3, 199
List the prime factors of 25381.
17, 1493
What are the prime factors of 7008?
2, 3, 73
List the prime factors of 4024.
2, 503
What are the prime factors of 110573?
110573
List the prime factors of 1809.
3, 67
List the prime factors of 35862.
2, 3, 43, 139
List the prime factors of 11095.
5, 7, 317
What are the prime factors of 66673?
61, 1093
List the prime factors of 525.
3, 5, 7
List the prime factors of 454.
2, 227
List the prime factors of 99073.
13, 7621
What are the prime factors of 13737?
3, 19, 241
What are the prime factors of 125706?
2, 3, 7, 41, 73
What are the prime factors of 28360?
2, 5, 709
List the prime factors of 88749.
3, 19, 173
List the prime factors of 28915.
5, 5783
What are the prime factors of 7528?
2, 941
List the prime factors of 35942.
2, 17971
What are the prime factors of 1370?
2, 5, 137
List the prime factors of 11635.
5, 13, 179
What are the prime factors of 507?
3, 13
List the prime factors of 5615.
5, 1123
What are the prime factors of 764?
2, 191
List the prime factors of 418.
2, 11, 19
List the prime factors of 44433.
3, 4937
What are the prime factors of 1887?
3, 17, 37
What are the prime factors of 1490?
2, 5, 149
List the prime factors of 202.
2, 101
What are the prime factors of 2571?
3, 857
What are the prime factors of 2601?
3, 17
List the prime factors of 5080.
2, 5, 127
What are the prime factors of 3232?
2, 101
List the prime factors of 103102.
2, 51551
What are the prime factors of 22?
2, 11
List the prime factors of 2221.
2221
What are the prime factors of 13640?
2, 5, 11, 31
What are the prime factors of 3269?
7, 467
What are the prime factors of 9810?
2, 3, 5, 109
List the prime factors of 680.
2, 5, 17
List the prime factors of 1429.
1429
List the prime factors of 3269.
7, 467
What are the prime factors of 4515?
3, 5, 7, 43
What are the prime factors of 88411?
88411
List the prime factors of 1523.
1523
List the prime factors of 47528.
2, 13, 457
List the prime factors of 5467.
7, 11, 71
List the prime factors of 5005.
5, 7, 11, 13
What are the prime factors of 1486?
2, 743
What are the prime factors of 12342?
2, 3, 11, 17
What are the prime factors of 5056?
2, 79
List the prime factors of 2372.
2, 593
List the prime factors of 8432.
2, 17, 31
What are the prime factors of 42014?
2, 7, 3001
What are the prime factors of 18472?
2, 2309
List the prime factors of 13303.
53, 251
List the prime factors of 10700.
2, 5, 107
List the prime factors of 7251.
3, 2417
What are the prime factors of 11016?
2, 3, 17
List the prime factors of 6284.
2, 1571
What are the prime factors of 57591?
3, 79
What are the prime factors of 19796?
2, 7, 101
List the prime factors of 7435.
5, 1487
List the prime factors of 3137.
3137
List the prime factors of 7302.
2, 3, 1217
What are the prime factors of 7525?
5, 7, 43
What are the prime factors of 10394?
2, 5197
List the prime factors of 107667.
3, 7, 1709
What are the prime factors of 3354?
2, 3, 13, 43
What are the prime factors of 82900?
2, 5, 829
List the prime factors of 43846.
2, 11, 1993
What are the prime factors of 69974?
2, 59, 593
What are the prime factors of 1886?
2, 23, 41
List the prime factors of 180691.
7, 83, 311
What are the prime factors of 41970?
2, 3, 5, 1399
What are the 